est common factor of 19604 and 116?
116
Calculate the highest common factor of 5766 and 6.
6
What is the greatest common divisor of 180 and 60?
60
What is the highest common divisor of 29 and 1189?
29
Calculate the greatest common divisor of 208 and 4030.
26
What is the highest common divisor of 320 and 10?
10
Calculate the greatest common divisor of 6768 and 16.
16
Calculate the highest common divisor of 8 and 336.
8
Calculate the greatest common divisor of 250 and 5350.
50
What is the greatest common divisor of 18497 and 106?
53
Calculate the greatest common divisor of 4587 and 33.
33
What is the greatest common factor of 3906 and 441?
63
Calculate the greatest common divisor of 72 and 3576.
24
What is the highest common factor of 15 and 5415?
15
What is the highest common factor of 72 and 48?
24
What is the greatest common divisor of 103507 and 89?
89
What is the greatest common divisor of 11 and 1837?
11
What is the greatest common factor of 195 and 65?
65
What is the highest common divisor of 2 and 274?
2
What is the highest common divisor of 11 and 209?
11
What is the highest common divisor of 12 and 42?
6
What is the highest common divisor of 98 and 1127?
49
Calculate the greatest common factor of 69 and 1725.
69
Calculate the greatest common factor of 7 and 1687.
7
What is the highest common factor of 686 and 10?
2
Calculate the highest common divisor of 5 and 4.
1
Calculate the greatest common factor of 32731 and 284.
71
What is the highest common factor of 80 and 120?
40
Calculate the greatest common factor of 12 and 60.
12
What is the highest common factor of 5629 and 39?
13
What is the greatest common divisor of 2530 and 55?
55
What is the greatest common factor of 261 and 27?
9
What is the highest common factor of 88 and 76?
4
Calculate the greatest common divisor of 1628 and 132.
44
What is the highest common divisor of 138 and 1035?
69
Calculate the greatest common factor of 33 and 209.
11
Calculate the highest common divisor of 553 and 3081.
79
What is the highest common factor of 24 and 228?
12
What is the greatest common divisor of 564 and 480?
12
Calculate the highest common divisor of 75 and 21.
3
Calculate the highest common factor of 693 and 63.
63
Calculate the highest common divisor of 767 and 65.
13
What is the highest common factor of 544 and 8?
8
What is the highest common factor of 46 and 4117?
23
What is the highest common divisor of 2520 and 72?
72
What is the highest common divisor of 74 and 12025?
37
What is the highest common divisor of 813 and 6?
3
Calculate the greatest common divisor of 210 and 490.
70
What is the greatest common factor of 159 and 371?
53
Calculate the highest common factor of 240 and 3000.
120
What is the highest common divisor of 61 and 5185?
61
What is the greatest common factor of 400 and 2250?
50
What is the greatest common divisor of 2268 and 56?
28
What is the greatest common factor of 11972 and 656?
164
What is the highest common factor of 360 and 40?
40
Calculate the highest common factor of 66 and 33.
33
Calculate the greatest common factor of 36 and 45.
9
What is the greatest common factor of 100 and 16?
4
Calculate the highest common divisor of 88 and 253.
11
Calculate the greatest common divisor of 108 and 24.
12
Calculate the highest common divisor of 28 and 372.
4
What is the greatest common factor of 162 and 1107?
27
What is the highest common factor of 20 and 600?
20
Calculate the highest common divisor of 9 and 1152.
9
What is the greatest common factor of 60 and 6390?
30
Calculate the greatest common factor of 2619 and 27.
27
What is the highest common divisor of 343 and 14?
7
What is the highest common factor of 175 and 140?
35
What is the highest common factor of 88 and 5500?
44
Calculate the greatest common factor of 299 and 377.
13
Calculate the greatest common divisor of 71854 and 74.
74
What is the greatest common factor of 16544 and 11?
11
Calculate the greatest common factor of 21 and 4879.
7
Calculate the highest common divisor of 425 and 1513.
17
What is the greatest common divisor of 2743 and 13?
13
Calculate the highest common factor of 32 and 46.
2
Calculate the greatest common divisor of 66 and 22.
22
Calculate the greatest common factor of 90 and 210.
30
What is the highest common factor of 300 and 60?
60
Calculate the highest common divisor of 10730 and 116.
58
What is the greatest common factor of 360 and 680?
40
What is the greatest common divisor of 14 and 896?
14
What is the greatest common factor of 3029 and 13?
13
What is the highest common divisor of 516 and 13803?
129
What is the highest common divisor of 1455 and 10?
5
Calculate the highest common divisor of 2410 and 10.
10
What is the greatest common divisor of 98 and 4?
2
What is the highest common factor of 26 and 65?
13
What is the greatest common factor of 391 and 69?
23
What is the greatest common factor of 2 and 1?
1
What is the highest common divisor of 56 and 476?
28
Calculate the highest common factor of 84 and 4704.
84
What is the highest common divisor of 2755 and 7395?
145
What is the highest common factor of 24 and 114?
6
What is the highest common factor of 32 and 224?
32
Calculate the highest common divisor of 39 and 12909.
39
Calculate the highest common divisor of 69 and 3266.
23
What is the highest common factor of 1477 and 211?
211
What is the highest common divisor of 1316 and 168?
28
What is the greatest common divisor of 14 and 3584?
14
What is the greatest common factor of 21 and 3024?
21
What is the greatest common factor of 154 and 29722?
154
Calculate the greatest common factor of 578 and 34.
34
Calculate the greatest common divisor of 32 and 2208.
32
What is the greatest common factor of 4870 and 5?
5
Calculate the greatest common divisor of 518 and 56.
14
What is the greatest common factor of 45460 and 20?
20
Calculate the greatest common divisor of 7596 and 288.
36
Calculate the greatest common divisor of 198 and 12.
6
Calculate the greatest common factor of 3496 and 552.
184
What is the greatest common divisor of 30 and 120?
30
What is the greatest common divisor of 94 and 430?
2
What is the highest common divisor of 72 and 7416?
72
What is the highest common divisor of 47160 and 90?
90
Calculate the highest common factor of 552 and 3772.
92
Calculate the highest common divisor of 1376 and 602.
86
Calculate the highest common factor of 72 and 804.
12
What is the greatest common factor of 24 and 1896?
24
Calculate the highest common divisor of 28 and 1988.
28
What is the highest common factor of 70382 and 26?
26
Calculate the greatest common divisor of 6144 and 96.
96
What is the highest common factor of 237 and 79?
79
Calculate the greatest common factor of 749 and 28.
7
What is the highest common divisor of 8919 and 18?
9
Calculate the highest common factor of 9 and 21.
3
Calculate the greatest common divisor of 1232 and 1008.
112
Calculate the greatest common factor of 14 and 98.
14
What is the highest common divisor of 4498 and 234?
26
What is the highest common divisor of 135 and 432?
27
What is the highest common divisor of 44 and 5082?
22
Calculate the greatest common factor of 4 and 68.
4
Calculate the highest common divisor of 408 and 170.
34
Calculate the greatest common divisor of 2 and 1125.
1
What is the greatest common divisor of 12 and 42?
6
What is the greatest common divisor of 856 and 2461?
107
Calculate the greatest common factor of 363 and 6413.
121
Calculate the highest common factor of 133 and 2641.
19
Calculate the greatest common divisor of 407 and 451.
11
Calculate the greatest common factor of 166 and 1826.
166
What is the highest common divisor of 42 and 154?
14
What is the highest common factor of 30281 and 107?
107
Calculate the greatest common divisor of 42 and 91.
7
What is the highest common divisor of 8685 and 18?
9
Calculate the greatest common divisor of 8498 and 28.
14
Calculate the highest common factor of 171 and 2907.
171
What is the highest common divisor of 126 and 882?
126
What is the greatest common factor of 402 and 268?
134
Calculate the highest common factor of 85 and 663.
17
Calculate the greatest common divisor of 57 and 3.
3
Calculate the greatest common factor of 1375 and 1125.
125
Calculate the greatest common fac